 = 0. Let m be 0 - ((0 - -1) + a). What are the prime factors of m/3 - 7/(-3)?
2
Let v(d) = -d**3 + 2*d**2 + 3*d - 1. Let l be v(3). What are the prime factors of 3/((l + 3)/10)?
3, 5
Suppose -70 + 21 = -x. Suppose 3*w = -1 + x. Let o = w + -10. List the prime factors of o.
2, 3
Suppose -6*y + 120 = -y. Suppose 0 = 2*k + 2*k. Suppose -3*f + y - 6 = k. List the prime factors of f.
2, 3
Suppose -9 = -b + 4*v, 3*b + v = 2*v + 38. Suppose -2*i + b = -i. List the prime factors of i.
13
Let z = -7 - -16. Let y = z + -4. What are the prime factors of y?
5
Let p be ((3 + 0)/(-1))/1. Suppose 5*u + r + 49 = 0, 3*u - 7*u - 5*r = 35. Let s = p - u. What are the prime factors of s?
7
Let r be 5/(25/4)*-5. Let z(h) = -h**3 - 3*h**2 + 2*h - 5. Let b be z(r). Suppose b*w + 7 = 16. List the prime factors of w.
3
Let k(y) = -y**2 - 4*y + 5. Let z be k(-4). Suppose -z*i + i = -12. List the prime factors of i.
3
Suppose 0 = 5*a - 10 - 30. List the prime factors of a/(-3)*(-18)/4.
2, 3
Suppose -62 = -3*t + 94. Suppose -7 = 3*l - t. What are the prime factors of l?
3, 5
Let z = 9 - 3. Let c = z - 8. List the prime factors of ((-22)/(-2) + c)*1.
3
Let y = -436 - -740. List the prime factors of y.
2, 19
Let a = 8 + -4. Suppose -a*m + 61 + 51 = 0. What are the prime factors of m/3 + 2/(-6)?
3
Suppose 2*s + 1 - 7 = 0. List the prime factors of (-1 + s)/(-2)*-5.
5
Let n be ((-21)/(-4))/((-33)/(-220)). List the prime factors of 959/n - 4/10.
3
Let q = 45 + -2. What are the prime factors of q?
43
Let r(f) = -f**3 - 2*f**2 - f - 3. Let l be r(-4). Let j = 59 - l. Let g = -10 + j. What are the prime factors of g?
2
Let n = -33 - -67. What are the prime factors of n?
2, 17
Let m = -5 - -9. Let q = m + 4. List the prime factors of q.
2
What are the prime factors of (-510)/(-7) + (-1)/(-7)?
73
Suppose -28 + 71 = 5*x + 4*a, 0 = 4*x + 5*a - 38. Let s(l) = -l**2 + 8*l + 8. List the prime factors of s(x).
3, 5
Suppose 19 = 3*d + 217. List the prime factors of -3 - d/(-3)*-1.
19
Let x = -196 + 332. What are the prime factors of x?
2, 17
Suppose 0 = 3*r + 2*r - 10. Suppose -r*x = -23 + 7. What are the prime factors of x?
2
Let q be (0 - 0)/1 + 2. Suppose 0 = -5*f + 2*f + y + 13, 4*f - q*y - 16 = 0. Suppose -2*c - f*d + 45 = 0, 4*d = 3 + 17. List the prime factors of c.
2, 5
Suppose -d = 3*o - 94, -d + 35 = o + 3*d. Let v = -21 + o. Suppose 0 = 5*m + 25, m = l - v + 2. What are the prime factors of l?
3
Let z(s) = -s. Let x be z(-2). Suppose y + x*c - 21 = 0, -3*c = -2*y - 2*y + 73. What are the prime factors of y?
19
Suppose -8*d - 420 = -15*d. What are the prime factors of d?
2, 3, 5
Let b(l) = -2*l. Let p be b(-11). Let s = 67 - p. Suppose 7*r - s = 2*r. What are the prime factors of r?
3
Suppose -3 = -f, -2*w + f + 23 = -2*f. Suppose w*l - 17*l + 14 = 0. List the prime factors of l.
2, 7
Let o be 1 + 21 - (2 + 0). Let n = o + -9. What are the prime factors of n?
11
Let n(r) = -r**2 + 6*r + 4. Let b be n(6). Suppose -q - q = 5*a - 76, -b*q = -5*a + 58. List the prime factors of a.
2, 7
Let o(z) = -z - 7. Let y be o(-8). What are the prime factors of ((-2)/4)/(y/(-48))?
2, 3
Suppose -2*k - 4 = -k. Let l = k - -8. Suppose 0 + 24 = l*b. List the prime factors of b.
2, 3
Let t = -5 - -29. Suppose 2*d + 3*q - t = -q, -4*q - 32 = -2*d. List the prime factors of d.
2, 7
Let m = -27 - -65. Suppose a + 23 = -l + 4*l, -3*l + m = -4*a. Let o = 11 - l. List the prime factors of o.
5
Let d(k) = k**2 + 4*k + 21. What are the prime factors of d(-10)?
3
Let d = -9 - -14. Let n = d - 1. Suppose -n*i + 9 = -15. List the prime factors of i.
2, 3
List the prime factors of 54/3 + -4 + 1.
3, 5
Let h be 2 - -1 - (0 + 0 + 1). Suppose 5 - 10 = -s + 3*y, 0 = -s - 4*y - 2. Suppose 3 + 17 = h*v - 2*i, -v = s*i + 5. List the prime factors of v.
5
Let y(s) = s - 6. Let z be (-4)/6 + 2/3. Let f be y(z). Let n(a) = a**3 + 6*a**2 - a + 2. List the prime factors of n(f).
2
Let z(w) = -w**3 + 10*w**2 + w - 7. What are the prime factors of z(10)?
3
Let n(t) = -4*t**3 - t**2 + t + 1. Let c be n(-1). Suppose 0 = -c*j - 5*r + 41, -6 = j + r - 17. List the prime factors of j.
7
Suppose c = -2*c + 15. Let k be 2/3 + (-10)/(-3). Suppose -4*x = c - 1, k*q = x + 41. What are the prime factors of q?
2, 5
Let h(r) = 4*r + 3. Let n be h(-3). Let j = -7 - n. Let s(g) = -g**3 + 4*g**2 - 3*g + 3. List the prime factors of s(j).
5
Let q(x) = -x**2 + x + 14. Let y be q(0). Let j(i) = 25*i**2 - i + 1. Let l be j(1). Let p = l - y. What are the prime factors of p?
11
Suppose 155 = -z + 3*b + 40, 4*z + 4*b + 524 = 0. Let r = z - -185. What are the prime factors of r?
2, 29
Let t(o) = o**2 - 4. Let u be t(0). Let i be 3*(-1 + -4)*-3. List the prime factors of (u/3)/((-6)/i).
2, 5
Let g(i) = i**3 + 5*i**2 - 1. Suppose 0 = 3*u - u + 4. Let p be g(u). List the prime factors of -2 - (1 - 1 - p).
3
Suppose u + 2*u - 19 = a, -u + 4*a = -10. Suppose u = y - 3. Suppose 4 + y = o. What are the prime factors of o?
13
Suppose -2*u + 11 + 1 = 0. Suppose 2*v + 4*x = 38, 11*v - u*v + x - 50 = 0. List the prime factors of ((-40)/15)/((-2)/v).
2, 3
Let g = -27 + 68. What are the prime factors of g?
41
Let d be (-4)/(-8) - (-1)/2. Let a = d - -2. What are the prime factors of (4/10)/(a/15)?
2
Let p be (16/(-20))/(2/(-5)). Suppose 0 = -4*b - 16, p*i - 2*b = -0*b + 30. List the prime factors of i.
11
Suppose -3*l = -l. Suppose -3 = 3*a - l*a. What are the prime factors of (30/24)/(a/(-4))?
5
Suppose -72 = a + 2*a. List the prime factors of (-3)/(-2*(-4)/a).
3
Suppose -4*o = 3*b - 1, 0 = o + o + 2*b + 2. Let u(g) = g. Let m(j) = 6*j. Let z(a) = m(a) - 5*u(a). List the prime factors of z(o).
2
Let k(s) = 2*s**3 + 19*s**2 - 20*s + 6. What are the prime factors of k(-10)?
2, 53
Suppose -n = 2*n - 138. List the prime factors of n.
2, 23
Suppose 9*c = 4*c, -5*n - 4*c + 390 = 0. What are the prime factors of n?
2, 3, 13
Let q = 29 - 20. List the prime factors of q/((-3)/6 + 2).
2, 3
Let p(d) be the first derivative of d**2/2 - 5*d - 4. Let b be p(7). Suppose -2*u + 76 = b*u. What are the prime factors of u?
19
Suppose 8*m = 3*m + 175. What are the prime factors of m?
5, 7
What are the prime factors of ((-306)/30)/(3/(-15))?
3, 17
Suppose 4*t - 9 = 3*t. Let r = t + -1. Suppose -r = -3*c + 34. What are the prime factors of c?
2, 7
Let w(z) = 75*z**3 + 2*z**2 - 5*z + 4. Let x be w(3). What are the prime factors of x/72 + (-4)/18?
2, 7
Let z(t) = -6*t - 10. Let a(p) = -p**2 + 7*p - 5. Let x be a(7). List the prime factors of z(x).
2, 5
Suppose 125 = 3*u - 202. What are the prime factors of u?
109
Let m = 558 + -375. List the prime factors of m.
3, 61
Suppose -219 = -4*a + s + 143, 89 = a - s. List the prime factors of a.
7, 13
Suppose p + v - 79 - 241 = 0, -5*p + 5*v = -1640. List the prime factors of p.
2, 3
Suppose 12*g - 11*g = 9. List the prime factors of g.
3
Let v = -5 + 10. Suppose 3*l + 5 = 5*c + 14, 2*l = -v*c + 31. List the prime factors of l.
2
Suppose 8 = -5*t + 163. What are the prime factors of t?
31
Let i be (16/(-6))/((-8)/(-60)). Let o = 45 + i. List the prime factors of o.
5
Let t = -32 - -46. What are the prime factors of t?
2, 7
Suppose -5*s + 20 = -2*b, -8 = -3*s - 2*b + 4. Suppose s*o - o - 4*l = 67, 4*o - 98 = l. List the prime factors of o.
5
Suppose 10 = -5*i + 35. Suppose -i*r + 128 = 13. List the prime factors of r.
23
Let m = -53 - -74. Suppose 0*p - m = -3*p. What are the prime factors of p?
7
Let o = 128 + -58. What are the prime factors of o?
2, 5, 7
Let d(m) = 48*m + 8. What are the prime factors of d(5)?
2, 31
Suppose -72 = 4*b - 216. List the prime factors of b.
2, 3
Suppose -3*k + 5 = -1. Suppose 4*o - 42 = 5*x, 3*x - 5*o = -k*x - 40. Let p = 22 + x. List the prime factors of p.
2, 3
Suppose 5*b + q - 40 = -0*q, -q = 2*b - 13. Let x = -158 - -161. Let t = x + b. What are the prime factors of t?
2, 3
Let c = 28 - 24. What are the prime factors of c?
2
Suppose -2*h - 3*h - 3*y + 18 = 0, -5*h - 4*y = -19. Suppose 4*g = h*g - 1. What are the prime factors of 50/8 - g/(-4)?
2, 3
Suppose 3*o = 78 + 372. Suppose 69 = -5*p - 3*s - o, 2*s = -p - 41. What are the prime factors of (1 - -1)*p/(-10)?
3
Let j(l) = 2*l**3 - 4*l**2 - 12*l + 32. What are the prime factors of j(5)?
2, 61
Let s(t) = -2*t - 5. Let w(c) = c**2 + 10*c - 2. Let v b